 -7*c**3 - 2*c**2 - c + 11. Determine f(2).
-55
Let n(i) = -4233*i + 12725. Calculate n(3).
26
Let i(u) = -29*u + 599. Give i(25).
-126
Let q(j) = -j**3 + 134*j**2 - 1241*j + 149. Give q(124).
25
Let v(g) = -18*g + 182. Determine v(-10).
362
Let t(l) = l**3 - 4*l**2 - 18*l + 13. Calculate t(6).
-23
Let k(j) = -j**3 - 56*j**2 - 364*j. Calculate k(-49).
1029
Let t(b) = -b**3 - 60*b**2 - 53*b + 82. Determine t(-59).
-272
Let s(q) = -41*q**2 - 2*q + 1. Determine s(1).
-42
Let u(g) = -g**3 + 14*g**2 - 7*g + 113. Determine u(14).
15
Let w(z) = 552*z + 35893. Calculate w(-65).
13
Let s(x) = -1331*x**2 + 23954*x + 80. What is s(18)?
8
Let f(r) = r**2 + 20*r + 103. Determine f(-11).
4
Let l(f) = -36*f**2 + 136*f + 6. What is l(5)?
-214
Let m(h) = -h**3 + 21*h**2 + 60*h - 189. Determine m(23).
133
Let k(t) = -87*t + 996. What is k(8)?
300
Let m(q) = q**3 - 27*q**2 + 25*q + 52. Calculate m(26).
26
Let c(t) = -t**3 - 68*t**2 - 193*t + 117. Calculate c(-65).
-13
Let c(d) = -d**3 - 33*d**2 - 62*d + 6. What is c(-31)?
6
Let p(r) = -217*r + 53169. What is p(245)?
4
Let h(r) = 18*r**2 + 14*r + 24. What is h(-2)?
68
Let v(s) = -12*s + 20. What is v(7)?
-64
Let b(q) = q**2 - 4*q - 98. What is b(13)?
19
Let x(n) = 4*n**2 + 82*n + 333. What is x(-15)?
3
Let f(k) = k**3 + 10*k**2 - 24*k - 190. Give f(-11).
-47
Let t(s) = s**2 + 1038*s - 11549. Calculate t(11).
-10
Let a(z) = -96*z + 257. Give a(-3).
545
Let y(h) = 2*h**2 + 122*h + 1388. Determine y(-15).
8
Let j(s) = s**3 - 8*s**2 + 14*s - 106. Calculate j(8).
6
Let d(y) = 21*y + 395. What is d(-4)?
311
Let w(h) = 2*h**3 + 45*h + 44. Determine w(-1).
-3
Let w(k) = -6*k - 564. Calculate w(-85).
-54
Let w(l) = -49*l**2 + l - 4. Give w(2).
-198
Let u(r) = 6*r**2 - 527*r - 1051. Determine u(-2).
27
Let t(v) = -v**3 - 209*v**2 + 152*v - 12187. Calculate t(-210).
-7
Let y(i) = 95*i**2 + 567*i + 568. Determine y(-1).
96
Let n(d) = -31*d + 189. Calculate n(5).
34
Let l(p) = 2*p**2 + 99*p + 305. What is l(-46)?
-17
Let j(o) = -o**2 - 25*o - 103. Determine j(-9).
41
Let t(r) = 4326*r - 4326. Calculate t(1).
0
Let s(l) = l**2 - 105*l + 785. Determine s(97).
9
Let t(x) = -32*x**2 - 4*x + 8. What is t(-3)?
-268
Let a(k) = -43*k + 99. Determine a(0).
99
Let r(f) = f**2 - 35*f + 26. Calculate r(14).
-268
Let j(w) = -2*w**2 - 154*w + 830. Determine j(5).
10
Let z(i) = 192*i + 1539. What is z(-8)?
3
Let b(s) = -s**2 + 29*s + 52. What is b(31)?
-10
Let z(i) = i**2 + 6*i + 70. Determine z(0).
70
Let r(b) = 3*b**2 - 296*b + 221. Give r(98).
25
Let y(h) = -h**3 + 33*h**2 - 2*h + 570. Give y(34).
-654
Let n(l) = -2*l**2 - 72*l - 137. Determine n(-2).
-1
Let w(n) = -52*n + 794. What is w(13)?
118
Let w(s) = 4*s**2 + 54*s + 161. Determine w(-10).
21
Let z(c) = -3*c**2 - 50*c. Calculate z(-8).
208
Let f(z) = -z**3 - 17*z**2 + 20*z + 11. What is f(-18)?
-25
Let f(s) = 3*s**2 + 15*s - 42. Determine f(-7).
0
Let a(j) = -7*j**3 - 33*j**2 - 34*j + 54. Calculate a(-2).
46
Let k(h) = -87*h - 1041. Determine k(-12).
3
Let r(w) = w**2 - w - 473. Determine r(24).
79
Let h(j) = 3*j**2 - 674*j - 3445. Determine h(-5).
0
Let o(a) = -a**3 - 50*a**2 - 112*a - 779. Determine o(-48).
-11
Let r(j) = j**2 + 24*j - 279. Calculate r(11).
106
Let b(o) = -o**3 + 155*o**2 - 1174*o - 28. Calculate b(8).
-12
Let j(n) = -59*n**3 + 5*n. Determine j(2).
-462
Let q(p) = p**3 - 58*p**2 + 53*p + 206. What is q(57)?
-22
Let u(b) = 8*b**2 - 11*b - 27. What is u(-2)?
27
Let u(k) = 4*k**3 - 9*k**2 + 20*k - 61. Calculate u(4).
131
Let u(x) = -x**2 - 11*x + 115. Determine u(-16).
35
Let p(n) = 3*n**3 - 20*n**2 + 24*n + 2. Determine p(3).
-25
Let x(v) = -66*v**2 + 858*v + 22. Give x(13).
22
Let y(x) = 193*x - 7. Calculate y(1).
186
Let b(s) = 4*s + 62. Calculate b(-19).
-14
Let x(m) = -23*m + 48. Calculate x(-6).
186
Let a(n) = 237*n - 932. What is a(4)?
16
Let p(u) = u**3 + 21*u**2 - 134*u - 164. Give p(-26).
-60
Let i(q) = q**3 - 7*q**2 - 13*q - 1. What is i(-2)?
-11
Let v(r) = -2*r**2 + 6*r + 140. Calculate v(13).
-120
Let n(z) = 4*z**2 + z - 9. Determine n(2).
9
Let k(n) = 4*n**3 + 5*n**2 - 2*n. Calculate k(3).
147
Let i(d) = 19*d**3 + 92*d**2 + d + 47. What is i(-5)?
-33
Let h(y) = -6742*y - 72. Calculate h(0).
-72
Let z(n) = -2*n**2 + 12*n - 13. Calculate z(6).
-13
Let j(u) = -2*u**2 + 83*u - 200. Calculate j(39).
-5
Let x(h) = -h**3 - 5*h**2 + 7*h - 21. Calculate x(4).
-137
Let d(s) = s**3 - 7*s**2 - 114*s - 8. What is d(-9)?
-278
Let w(l) = -2*l**2 - 34*l + 906. Calculate w(16).
-150
Let o(k) = -148*k - 104. Calculate o(-1).
44
Let x(q) = q**3 + 3*q**2 - 9*q + 7. What is x(1)?
2
Let u(c) = -c**2 + 368*c + 4142. Determine u(-11).
-27
Let m(n) = n**3 - 9*n**2 + 2*n - 14. Give m(7).
-98
Let p(x) = -9*x**3 - 2*x**2 + 5*x + 9. Calculate p(-2).
63
Let b(g) = -g**3 + 77*g**2 - 147*g - 270. Calculate b(75).
-45
Let i(o) = o**3 + 61*o**2 + 53*o - 124. Calculate i(-60).
296
Let o(k) = -119*k - 5178. What is o(-44)?
58
Let l(y) = 21*y**2 - 9*y + 2. Give l(2).
68
Let h(o) = 57*o + 2533. Give h(-44).
25
Let b(v) = 2*v**2 - 61*v - 48. Calculate b(29).
-135
Let o(q) = q**2 - 118*q + 981. What is o(10)?
-99
Let s(y) = -y**3 - 68*y**2 + 242*y + 11956. Calculate s(-69).
19
Let v(g) = 7*g**2 - 5688*g - 17076. Calculate v(-3).
51
Let a(l) = -l**3 + l**2 + 90*l + 4. Determine a(-10).
204
Let y(t) = t**2 - 32*t + 322. Determine y(13).
75
Let u(t) = 2*t**3 - 184*t**2 - 8*t + 734. Give u(92).
-2
Let n(y) = 368*y - 2138. Give n(6).
70
Let g(j) = j**3 + 42*j**2 + 545*j + 7195. Determine g(-32).
-5
Let j(k) = 1761*k + 1. What is j(0)?
1
Let o(u) = -3*u**3 + 310*u**2 + 209*u - 123. Give o(104).
-19
Let i(r) = -r**2 + 112*r + 226. Give i(0).
226
Let l(a) = 2*a**3 + 4*a**2 - 12*a - 1. Determine l(-5).
-91
Let d(w) = w**2 - 268*w - 815. What is d(-3)?
-2
Let r(z) = -z**3 - 47*z**2 - 39*z + 247. Give r(-46).
-75
Let m(v) = -v**3 + 28*v**2 - 62*v - 69. What is m(26)?
-329
Let g(k) = -5*k**2 - 3*k + 122. Give g(5).
-18
Let t(j) = -18*j - 1635. Determine t(-91).
3
Let d(m) = -4907*m + 44168. Give d(9).
5
Let l(o) = -3*o**2 - 118*o - 1172. What is l(-20)?
-12
Let s(h) = -102*h + 2110. What is s(13)?
784
Let p(m) = 5*m**3 - 101*m**2 + 9*m + 225. Give p(20).
5
Let v(p) = 237*p - 15178. Determine v(64).
-10
Let n(o) = -2*o**3 + 3*o**2 - 5*o + 8. Calculate n(2).
-6
Let v(w) = -8*w - 354. Calculate v(-38).
-50
Let p(j) = -2*j**2 - 108*j - 482. Give p(-49).
8
Let i(d) = 63*d**3 - 2*d**2 - 11*d - 7. Determine i(-1).
-61
Let q(s) = s**2 - 81*s + 1603. Give q(36).
-17
Let s(l) = -67*l - 125. What is s(-2)?
9
Let n(v) = 4*v**2 - 198*v + 133. Give n(49).
35
Let k(x) = x**3 - 20*x**2 - 12*x + 258. Give k(20).
18
Let y(a) = 168*a - 10. Give y(0).
-10
Let o(s) = 3*s + 29. What is o(9)?
56
Let d(m) = -87*m + 29. What is d(-1)?
116
Let q(c) = -c**2 + 925*c - 2770. Determine q(3).
-4
Let k(r) = -2*r**2 + 113*r - 1451. Calculate k(21).
40
Let k(x) = x**3 - 13*x**2 + 17*x - 427. Calculate k(14).
7
Let c(l) = 156*l + 680. Determine c(-6).
-256
Let u(o) = -2*o**2 - 56*o + 1927. Calculate u(-48).
7
Let h(s) = 272*s - 2418. What is h(9)?
30
Let f(t) = t**3 + 13*t**2 + 33*t - 53. Calculate f(-7).
10
Let s(o) = 120*o + 3235. Give s(-27).
-5
Let h(o) = -o**2 + 438*o + 3113. What is h(-7)?
-2
Let r(z) = -56*z**2 + 1355*z - 249. What is r(24)?
15
Let q(m) = -2*m**2 - 177*m + 637. Calculate q(-92).
-7
Let n(p) = -739*p + 7394. Calculate n(10).
4
Let a(t) = -111*t - 26. What is a(-1)?
85
Let v(t) = 12352*t + 247038. Give v(-20).
-2
Let i(w) = w**3 - 11*w**2 + 28*w - 6. Give i(7).
-6
Let p(c) = -2*c**2 - 7*c + 943. Give p(20).
3
Let v(g) = 2*g**2 + 146*g + 2610. Determine v(-42).
6
Let n(l) = -14*l**2 + 80*l + 16. Give n(4).
112
Let c(z) = -17*z**2 - 11*z + 1. What is c(-1)?
-5
Let j(z) = z**3 - 74*z**2 - 79*z - 286. Give j(75).
-586
Let s(f) = -2*f**3 - 2*f**2 + 32*f + 59. Determine s(-2).
3
Let q(n) = -10*n**3 + 74*n**2 + 19*n - 17. Calculate q(8).
-249
Let q(o) = -240*o - 5762. What is q(-24)?
-2
Let v(f) = -f**3 - 388*f**2 - 431*f + 131620. Give v(-386).
-6
Let y(d) = d**2 - 16*d - 2149. Calculate y(55).
-4
Let i(t) = -t**2 + 47*t + 547. Determine i(44).
679
Let h(b) = -b**3 + 5*b**2 - 3*b - 5. Calculate h(4).
-1
Let w(a) = -a**3 - 73*a**2 + 75*a + 111. Determine w(-74).
37
Let f(n) = 2*n**2 + 176*n - 471. What is f(-91)?
75
L